Calculate the highest common divisor of t and w.
2
Let b(x) = -19*x - 3. Let l(f) = -39*f - 6. Let p(m) = 9*b(m) - 5*l(m). Let d be p(6). What is the greatest common divisor of 21 and d?
21
Suppose 5*c = -5*r + 6 - 1, 5*r = 2*c + 5. Let m be 9 + (16/(-12))/(r/3). Calculate the greatest common factor of 5 and m.
5
Let r = 1748 - 1228. What is the greatest common factor of r and 325?
65
Let f(i) = -i**2 + 24*i - 12. Let r be f(23). Calculate the highest common factor of 44 and r.
11
Let l(q) = -q**3 - 2*q**2 - q + 2. Let z be 19/(-5) + 2/(-10). Let t be l(z). Let a = t - 30. What is the greatest common divisor of a and 4?
4
Let t be ((-55)/(-2))/(3/162). Calculate the greatest common factor of t and 33.
33
Suppose -4*q = -20, 4*l = 2*q + 36 - 14. Suppose 0 = -l*x + 10*x - 52. Calculate the greatest common factor of x and 234.
26
Suppose 29*a + 5*a - 306 = 0. Calculate the greatest common factor of 432 and a.
9
Suppose 0 = -12*b - 5*b + 442. What is the highest common factor of 26 and b?
26
Let z(n) = -n**2 + 13*n - 12. Let p be z(13). Let d be (-36)/(-20)*(-80)/p. Let k = 24 - d. What is the greatest common factor of 12 and k?
12
Let v(n) = n**3 + 2*n**2 + n - 115. Let j be v(0). Let x be 1/5 + (-667)/j. Calculate the greatest common divisor of x and 15.
3
Let v(u) = -u + 2*u - 6 + 25. Let j be v(-11). Calculate the highest common factor of j and 72.
8
Suppose 3*p + 2*r + 3*r - 45 = 0, -5*p + 75 = 2*r. Let w = 15 - p. Suppose -6*b + 3*b + 12 = w. What is the greatest common factor of b and 8?
4
Suppose 530*x - 100 = 525*x. What is the greatest common factor of 70 and x?
10
Let c = -135 + 140. Suppose 5*n = 5*i - 335, -5*i - 8*n = -4*n - 308. Suppose 0*h + h - i = -r, c*h + 5 = 0. What is the greatest common factor of 13 and r?
13
Suppose -22*h - 264 = -25*h. Let d be -5*(-1 + (-12)/20). Calculate the greatest common factor of h and d.
8
Suppose -27 = 6*k - 261. What is the highest common factor of k and 13?
13
Let l be (-7 - 516/(-60))*5*1. What is the highest common factor of 8 and l?
8
Suppose 5*x = 5*q - 35, -2*x = -0*x - 3*q + 10. Let l(a) = -2*a - 6. Let t be l(x). What is the highest common factor of t and 40?
8
Let u(z) = 2*z**2 + 27*z + 136. Let k be u(-11). Calculate the greatest common factor of k and 2187.
81
Suppose 0 = -4*f - f + 50. Let r = -13 + 11. Let z be -2 - (-10 - r/(-1)). Calculate the highest common divisor of f and z.
10
Suppose -3*t = 2*x - 242, -8*x - 5*t = -11*x + 325. What is the highest common factor of x and 65?
5
Let n = -133 + 349. Calculate the greatest common factor of n and 54.
54
Suppose -29*z - 4*l = -30*z + 7, -84 = -4*z + 2*l. Suppose -y = -2*y + 115. What is the highest common divisor of y and z?
23
Let a = -85 + 172. Let j = 430 - 372. Calculate the greatest common factor of a and j.
29
Let g be (-12)/(-8)*(-92)/(-3). Suppose -2*r + 4*m + g = 0, 0 = m - 0*m + 2. Let p = 62 - 43. Calculate the greatest common divisor of p and r.
19
Let i be (6/(-9))/2 - 10/(-3). Suppose 5*o - 15 = 4*u, -o + 3 = -u - 2*u. Calculate the highest common divisor of i and o.
3
Let p = -65 + 68. Suppose -i - 15 = -p*b, 3*i = 3*b + 7 - 16. Calculate the highest common divisor of b and 2.
2
Let q(s) = -s**3 - 14*s**2 - 26*s - 17. Let b be q(-12). Let l(t) = -2*t**3 + 2*t**2 + 2*t - 3. Let p be l(-3). What is the highest common factor of b and p?
7
Let g(r) = 2*r**2 + 22*r - 12. Let h be g(-12). Suppose -4*m = -5*m + h. Calculate the greatest common factor of 18 and m.
6
Suppose 4*b = n - 79, -2*n + 25 = -b - 0*n. Let j = b - -44. What is the highest common factor of 5 and j?
5
Let m be 4*(-2)/8 + (-1 - -17). Let i = 4 + -4. Suppose i*o = -5*u - 2*o + 600, 600 = 5*u - 4*o. Calculate the greatest common divisor of m and u.
15
Let k = -398 + 727. Calculate the greatest common divisor of k and 47.
47
Let k = 8 + 1. Suppose -17*m + 18*m = k. What is the greatest common factor of 27 and m?
9
Suppose -85*h = -86*h + 252. Calculate the highest common divisor of 63 and h.
63
Let g(n) = -2*n - 9. Let a be g(-8). Suppose a*q = 98 - 28. Calculate the highest common factor of q and 2.
2
Let c = -2 + 15. Let a = 30 - 17. Suppose a = 3*n - 338. Calculate the highest common factor of c and n.
13
Let o be 3 - 0*1/4. Suppose -8 = 2*m - o*m. Suppose 0*z = 2*z + m, t + 16 = -5*z. What is the highest common factor of t and 16?
4
Suppose 124 = 3*d - 5*l, l = 1 - 3. Suppose -2*r = -5*t + d, t + 4*r + 10 = -0*r. Let z be t/4*(-24)/(-36). Calculate the highest common factor of z and 5.
1
Let c be 5/((-55)/(-176)) - 7. Calculate the greatest common divisor of c and 1791.
9
Let i(m) = 16*m**3 - 6*m**2 + 5*m + 3. Let v be i(3). Suppose -n = 2*n + b - 396, 3*n - 2*b - v = 0. Calculate the highest common divisor of 12 and n.
12
Suppose -19*w = 2790 - 6590. Calculate the greatest common factor of 25 and w.
25
Suppose 1089*r + 72 = 1095*r. What is the greatest common factor of 708 and r?
12
Let m = 145 + -143. Suppose 86 = 5*g - 2*r - 45, m*g - 4*r - 62 = 0. Calculate the greatest common divisor of g and 1.
1
Suppose 260*b - 36 = 251*b. Suppose c - 2*c = 12. Let u = c + 24. Calculate the greatest common divisor of b and u.
4
Let n be 0/(5 - 0)*(0 + 1). Suppose 2*c - 6 = -n*c. What is the greatest common factor of 18 and c?
3
Let b(w) = -11*w - 10. Let r be b(-2). Let q = r - -21. Calculate the greatest common divisor of 33 and q.
33
Suppose 2*p = 5*a - 91, 3*p + 11 = 5*a - 113. Let c = 36 + p. Suppose 0 = -c*u + 81 + 303. What is the greatest common factor of u and 16?
16
Suppose 0 = 31*j - 7229 - 3435. What is the greatest common divisor of j and 8?
8
Suppose 4*m - 191 = -5*c, 5*c - 78 = 5*m + 77. Suppose -l + 202 = -3*b + c, 0 = 4*l - 3*b - 677. What is the highest common divisor of 10 and l?
10
Suppose -2*a + 3*a = 2*z - 1077, -3 = -a. Calculate the greatest common divisor of 10 and z.
10
Let o(f) = -22*f. Let z be o(-1). Let b be ((-30)/(-8))/((-2)/(-704)*12). What is the greatest common factor of z and b?
22
Suppose 4*g = -2*b + 2110, 0 + 1 = -b. Calculate the greatest common divisor of g and 24.
24
Let l(o) = o**3 + 43*o**2 - 44*o + 10. Let w be l(-44). Calculate the highest common divisor of w and 4.
2
Let t = 11 - 7. Let s(v) = v**3 - 2*v**2 - 4*v - 4. Let m be s(t). Calculate the greatest common factor of 108 and m.
12
Let c = -10 + 506. What is the greatest common factor of c and 31?
31
Suppose -9*b + 181 = w - 11*b, -5*b - 15 = 0. What is the highest common factor of 25 and w?
25
Suppose 8*i + 88 = 136. Calculate the greatest common divisor of i and 75.
3
Suppose t - l + 0*l = 225, 5*t - 1120 = 4*l. Calculate the greatest common factor of 55 and t.
55
Let h = 46 + -31. Suppose 2*s = s + 49. Let c = -19 + s. Calculate the highest common factor of h and c.
15
Let d be 168 + ((-5 - -4) + 1)/1. Calculate the greatest common factor of 378 and d.
42
Suppose 11*v = 5*v - 216. Let k = v - -11. Let z = 11 - k. What is the highest common factor of 54 and z?
18
Suppose 13 = 2*j - 71. Let f be ((-9)/10)/((-192)/1280). What is the highest common divisor of j and f?
6
Suppose -4*h + 8 = -4*c, 0 = c + h - 6 - 0. Suppose c*s - 20 = 46. What is the highest common factor of s and 11?
11
Let v = 360 + -318. Calculate the highest common factor of v and 192.
6
Let j = 65 + -49. What is the greatest common factor of 464 and j?
16
Let w(f) = 13 - f + 0 + f - f. Let d be w(11). Let g be 2*(3 - (-3)/d). Calculate the greatest common divisor of g and 9.
9
Let w be (-3)/(6/(-22)) - 4. Let z be w/(4*(-5)/(-60)). What is the greatest common divisor of z and 42?
21
Suppose -24515 = -17*o + 1189. What is the highest common divisor of 9 and o?
9
Let s be ((-33)/(-9))/((-18)/(-4320)). What is the greatest common divisor of s and 40?
40
Suppose 156*r - 157*r + 396 = 0. What is the highest common divisor of r and 54?
18
Suppose 13*r - 847 = 4730. What is the highest common factor of 39 and r?
39
Suppose -50 = -w - 4*w. Suppose h + 4*u = 5*u - 7, -2*u = -4*h - 20. Let t be 5 - -2 - (h + 5). What is the highest common divisor of t and w?
5
Let a(b) = -6 + 2*b**2 - 3 - 3*b**2 - 13*b - 1. Let s be a(-12). Let w = -130 + 136. Calculate the greatest common divisor of s and w.
2
Suppose 3*w = 24 + 12. What is the greatest common divisor of w and 8?
4
Suppose 134*d - 165 = 123*d. Suppose 8